{"id":122,"date":"2019-09-15T19:31:39","date_gmt":"2019-09-15T19:31:39","guid":{"rendered":"https:\/\/www.parashihtzu.top\/?page_id=122"},"modified":"2020-05-24T18:59:27","modified_gmt":"2020-05-24T18:59:27","slug":"origen-de-la-raza-shih-tzu","status":"publish","type":"page","link":"https:\/\/www.parashihtzu.top\/index.php\/origen-de-la-raza-shih-tzu\/","title":{"rendered":"ORIGEN DE LA RAZA SHIH TZU"},"content":{"rendered":"\n<iframe src=\"\/\/rcm-na.amazon-adsystem.com\/e\/cm?o=1&#038;p=48&#038;l=ez&#038;f=ifr&#038;linkID=8b1a2217f821bc7018c8257e95304f65&#038;t=jennifergar00-20&#038;tracking_id=jennifergar00-20\" width=\"728\" height=\"90\" scrolling=\"no\" border=\"0\" marginwidth=\"0\" style=\"border:none;\" frameborder=\"0\"><\/iframe>\n\n\n\n<p>El&nbsp;<strong>Shih Tzu<\/strong>, tambi\u00e9n llamado&nbsp;<strong>perro le\u00f3n<\/strong>,&nbsp;<strong>perro melenudo<\/strong>,&nbsp;<strong>Xi Shi<\/strong>,&nbsp;<strong>lion dog<\/strong>,&nbsp;<strong>Lhassa,&nbsp;<\/strong><strong>Tibetano Poodle<\/strong>&nbsp;o&nbsp;<strong>perro crisantemo<\/strong>&nbsp;es una raza de perro peque\u00f1o que tiene su origen en el T\u00edbet alrededor del siglo VI a.C.<\/p>\n\n\n\n<p>Al parecer,&nbsp;<strong>los Shih Tzu eran muy apreciados<\/strong>&nbsp;debido a que los monjes tibetanos cre\u00edan que encerraban las almas de los monjes pecadores.<\/p>\n\n\n\n<p>Adem\u00e1s, eran sacrificados como ofrenda para garantizar la buena suerte de los viajeros que iban del T\u00edbet a China, ya que el viaje pod\u00eda durar varios d\u00edas.<\/p>\n\n\n\n<p class=\"has-text-align-center\"><strong>Como curiosidad, este perro de raza peque\u00f1a fue criado en sus or\u00edgenes para parecerse al legendario le\u00f3n guardi\u00e1n chino. <\/strong><\/p>\n\n\n\n<p>A pesar de esta teor\u00eda, existe constancia de que este tipo de obsequio canino de los lamas a la corte imperial china se hizo durante siglos antes, por lo que no es de extra\u00f1ar que en esas fechas ya estuviera establecido en el palacio imperial, del que no sal\u00eda m\u00e1s que para acompa\u00f1ar a sus due\u00f1os.<\/p>\n\n\n\n<p>El Shih Tzu original fue evolucionando seg\u00fan criterios personales del emperador, quien los consideraba en funci\u00f3n de los treinta y dos signos de Buda: mand\u00edbulas que recordaran las del le\u00f3n, color dorado, lengua ancha y larga&#8230; por lo que se supone que en su evoluci\u00f3n se utilizara alg\u00fan perro de otro tipo, entre los que no se descarta el Pekin\u00e9s.<\/p>\n\n\n\n<p>Por supuesto, lo descrito fue el primer desarrollo racial, ya que una vez que esta raza alcanz\u00f3 Occidente, aqu\u00ed se vio sometida a los gustos de la \u00e9poca, entre los que estaba dotarle de sofisticaci\u00f3n tal y como la entendemos nosotros.<\/p>\n\n\n\n<p>Tras expandirse hacia China,&nbsp;<strong>la primera camada de Shih Tzu lleg\u00f3 a europa de la mano de Gran Breta\u00f1a en el a\u00f1o 1930<\/strong>.<\/p>\n\n\n\n<h3> TIPOS\/COLORES DE SHIH TZU<\/h3>\n\n\n\n<h4>TRICOLOR<\/h4>\n\n\n\n<figure class=\"wp-container-3 wp-block-gallery-2 wp-block-gallery aligncenter columns-3 is-cropped\"><ul class=\"blocks-gallery-grid\"><li class=\"blocks-gallery-item\"><figure><img width=\"720\" height=\"864\" src=\"https:\/\/www.parashihtzu.top\/wp-content\/uploads\/2019\/09\/e8ff4e6f04f3e9fde1e3e10b62345f71.jpg\" alt=\"VARIOS SHIH TZU TRICOLOR\" data-id=\"132\" data-link=\"https:\/\/www.parashihtzu.top\/?attachment_id=132\" class=\"wp-image-132\" srcset=\"https:\/\/www.parashihtzu.top\/wp-content\/uploads\/2019\/09\/e8ff4e6f04f3e9fde1e3e10b62345f71.jpg 720w, https:\/\/www.parashihtzu.top\/wp-content\/uploads\/2019\/09\/e8ff4e6f04f3e9fde1e3e10b62345f71-250x300.jpg 250w, https:\/\/www.parashihtzu.top\/wp-content\/uploads\/2019\/09\/e8ff4e6f04f3e9fde1e3e10b62345f71-640x768.jpg 640w\" sizes=\"(max-width: 720px) 100vw, 720px\" \/><figcaption class=\"blocks-gallery-item__caption\">VARIOS SHIH TZU TRICOLOR<\/figcaption><\/figure><\/li><li class=\"blocks-gallery-item\"><figure><img width=\"259\" height=\"194\" src=\"https:\/\/www.parashihtzu.top\/wp-content\/uploads\/2019\/09\/VARIOS-SHIHTZU.jpg\" alt=\"VARIOS SHIH TZU TRICOLOR\" data-id=\"131\" data-link=\"https:\/\/www.parashihtzu.top\/?attachment_id=131\" class=\"wp-image-131\"\/><figcaption class=\"blocks-gallery-item__caption\">VARIOS SHIH TZU TRICOLOR<\/figcaption><\/figure><\/li><li class=\"blocks-gallery-item\"><figure><img width=\"138\" height=\"120\" src=\"https:\/\/www.parashihtzu.top\/wp-content\/uploads\/2019\/09\/SHIH-TZU-TRICOLOR.jpg\" alt=\"SHIH-TZU-TRICOLOR\" data-id=\"124\" data-link=\"https:\/\/www.parashihtzu.top\/?attachment_id=124\" class=\"wp-image-124\"\/><figcaption class=\"blocks-gallery-item__caption\">SHIH-TZU-TRICOLOR<\/figcaption><\/figure><\/li><\/ul><\/figure>\n\n\n\n<h4>BICOLOR<\/h4>\n\n\n\n<div class=\"wp-block-image\"><figure class=\"aligncenter is-resized\"><img src=\"https:\/\/www.parashihtzu.top\/wp-content\/uploads\/2019\/09\/444ade8f15210289a64911466ac41cf1.jpg\" alt=\"SHIH TZU COLOR BICOLOR\" class=\"wp-image-125\" width=\"445\" height=\"296\" srcset=\"https:\/\/www.parashihtzu.top\/wp-content\/uploads\/2019\/09\/444ade8f15210289a64911466ac41cf1.jpg 680w, https:\/\/www.parashihtzu.top\/wp-content\/uploads\/2019\/09\/444ade8f15210289a64911466ac41cf1-300x200.jpg 300w, https:\/\/www.parashihtzu.top\/wp-content\/uploads\/2019\/09\/444ade8f15210289a64911466ac41cf1-640x426.jpg 640w\" sizes=\"(max-width: 445px) 100vw, 445px\" \/><figcaption>SHIH TZU BICOLOR<\/figcaption><\/figure><\/div>\n\n\n\n<h4>BLANCO<\/h4>\n\n\n\n<div class=\"wp-block-image\"><figure class=\"aligncenter is-resized\"><img src=\"https:\/\/www.parashihtzu.top\/wp-content\/uploads\/2019\/09\/SHIH-TZU-BLANCO.jpg\" alt=\"SHIH TZU BLANCO\" class=\"wp-image-130\" width=\"368\" height=\"276\"\/><figcaption>SHIH TZU BLANCO<\/figcaption><\/figure><\/div>\n\n\n\n<h4>NEGRO<\/h4>\n\n\n\n<figure class=\"wp-container-5 wp-block-gallery-4 wp-block-gallery columns-2 is-cropped\"><ul class=\"blocks-gallery-grid\"><li class=\"blocks-gallery-item\"><figure><img width=\"576\" height=\"1024\" src=\"https:\/\/www.parashihtzu.top\/wp-content\/uploads\/2019\/09\/4b848e4b878042e86346d73e9f9e85d0-576x1024.jpg\" alt=\"SHIH TZU COLOR NEGRO\" data-id=\"128\" data-link=\"https:\/\/www.parashihtzu.top\/?attachment_id=128\" class=\"wp-image-128\" srcset=\"https:\/\/www.parashihtzu.top\/wp-content\/uploads\/2019\/09\/4b848e4b878042e86346d73e9f9e85d0-576x1024.jpg 576w, https:\/\/www.parashihtzu.top\/wp-content\/uploads\/2019\/09\/4b848e4b878042e86346d73e9f9e85d0-169x300.jpg 169w, https:\/\/www.parashihtzu.top\/wp-content\/uploads\/2019\/09\/4b848e4b878042e86346d73e9f9e85d0-640x1138.jpg 640w, https:\/\/www.parashihtzu.top\/wp-content\/uploads\/2019\/09\/4b848e4b878042e86346d73e9f9e85d0.jpg 736w\" sizes=\"(max-width: 576px) 100vw, 576px\" \/><figcaption class=\"blocks-gallery-item__caption\">SHIH TZU NEGRO<\/figcaption><\/figure><\/li><li class=\"blocks-gallery-item\"><figure><img width=\"640\" height=\"960\" src=\"https:\/\/www.parashihtzu.top\/wp-content\/uploads\/2019\/09\/4346f8748181cc6a24e6a90fbf87bb83.jpg\" alt=\"SHIH TZU COLOR NEGRO\" data-id=\"126\" data-link=\"https:\/\/www.parashihtzu.top\/?attachment_id=126\" class=\"wp-image-126\" srcset=\"https:\/\/www.parashihtzu.top\/wp-content\/uploads\/2019\/09\/4346f8748181cc6a24e6a90fbf87bb83.jpg 640w, https:\/\/www.parashihtzu.top\/wp-content\/uploads\/2019\/09\/4346f8748181cc6a24e6a90fbf87bb83-200x300.jpg 200w\" sizes=\"(max-width: 640px) 100vw, 640px\" \/><figcaption class=\"blocks-gallery-item__caption\">SHIH TZU NEGRO<\/figcaption><\/figure><\/li><\/ul><\/figure>\n\n\n\n<h4>MARR\u00d3N<\/h4>\n\n\n\n<div class=\"wp-block-image\"><figure class=\"aligncenter is-resized\"><img src=\"https:\/\/www.parashihtzu.top\/wp-content\/uploads\/2019\/09\/47e4573e5e88b57a0ebff537ab9727c0-1.jpg\" alt=\"SHIH TZU COLOR MARR\u00d3N\" class=\"wp-image-129\" width=\"328\" height=\"436\"\/><figcaption>SHIH TZU MARR\u00d3N<\/figcaption><\/figure><\/div>\n","protected":false},"excerpt":{"rendered":"<p>El&nbsp;Shih Tzu, tambi\u00e9n llamado&nbsp;perro le\u00f3n,&nbsp;perro melenudo,&nbsp;Xi Shi,&nbsp;lion dog,&nbsp;Lhassa,&nbsp;Tibetano Poodle&nbsp;o&nbsp;perro crisantemo&nbsp;es una raza de perro peque\u00f1o que tiene su origen en el T\u00edbet alrededor del siglo VI a.C. Al parecer,&nbsp;los Shih Tzu eran muy apreciados&nbsp;debido a que los monjes tibetanos cre\u00edan que encerraban las almas de los monjes pecadores. Adem\u00e1s, eran sacrificados como ofrenda para garantizar [&hellip;]<\/p>\n","protected":false},"author":1,"featured_media":198,"parent":0,"menu_order":0,"comment_status":"closed","ping_status":"closed","template":"","meta":[],"yoast_head":"<!-- This site is optimized with the Yoast SEO plugin v20.0 - https:\/\/yoast.com\/wordpress\/plugins\/seo\/ -->\n<title>ORIGEN DE LA RAZA SHIH TZU - UNIVERSO SHIH-TZU<\/title>\n<meta name=\"description\" content=\"El Shih Tzu, tambi\u00e9n llamado perro le\u00f3n, perro melenudo, Xi Shi, lion dog, Lhassa, Tibetano Poodle o perro crisantemo es una raza de perro peque\u00f1o que tiene su origen en el T\u00edbet alrededor del siglo VI a.C.\" \/>\n<meta name=\"robots\" content=\"index, follow, max-snippet:-1, max-image-preview:large, max-video-preview:-1\" \/>\n<link rel=\"canonical\" href=\"https:\/\/www.parashihtzu.top\/index.php\/origen-de-la-raza-shih-tzu\/\" \/>\n<meta property=\"og:locale\" content=\"es_ES\" \/>\n<meta property=\"og:type\" content=\"article\" \/>\n<meta property=\"og:title\" content=\"ORIGEN DE LA RAZA SHIH TZU - UNIVERSO SHIH-TZU\" \/>\n<meta property=\"og:description\" content=\"El Shih Tzu, tambi\u00e9n llamado perro le\u00f3n, perro melenudo, Xi Shi, lion dog, Lhassa, Tibetano Poodle o perro crisantemo es una raza de perro peque\u00f1o que tiene su origen en el T\u00edbet alrededor del siglo VI a.C.\" \/>\n<meta property=\"og:url\" content=\"https:\/\/www.parashihtzu.top\/index.php\/origen-de-la-raza-shih-tzu\/\" \/>\n<meta property=\"og:site_name\" content=\"UNIVERSO SHIH-TZU\" \/>\n<meta property=\"article:modified_time\" content=\"2020-05-24T18:59:27+00:00\" \/>\n<meta property=\"og:image\" content=\"https:\/\/www.parashihtzu.top\/wp-content\/uploads\/2019\/09\/2791113_0.jpg\" \/>\n\t<meta property=\"og:image:width\" content=\"630\" \/>\n\t<meta property=\"og:image:height\" content=\"630\" \/>\n\t<meta property=\"og:image:type\" content=\"image\/jpeg\" \/>\n<meta name=\"twitter:card\" content=\"summary_large_image\" \/>\n<meta name=\"twitter:label1\" content=\"Tiempo de lectura\" \/>\n\t<meta name=\"twitter:data1\" content=\"2 minutos\" \/>\n<script type=\"application\/ld+json\" class=\"yoast-schema-graph\">{\"@context\":\"https:\/\/schema.org\",\"@graph\":[{\"@type\":\"WebPage\",\"@id\":\"https:\/\/www.parashihtzu.top\/index.php\/origen-de-la-raza-shih-tzu\/\",\"url\":\"https:\/\/www.parashihtzu.top\/index.php\/origen-de-la-raza-shih-tzu\/\",\"name\":\"ORIGEN DE LA RAZA SHIH TZU - UNIVERSO SHIH-TZU\",\"isPartOf\":{\"@id\":\"https:\/\/www.parashihtzu.top\/#website\"},\"datePublished\":\"2019-09-15T19:31:39+00:00\",\"dateModified\":\"2020-05-24T18:59:27+00:00\",\"description\":\"El Shih Tzu, tambi\u00e9n llamado perro le\u00f3n, perro melenudo, Xi Shi, lion dog, Lhassa, Tibetano Poodle o perro crisantemo es una raza de perro peque\u00f1o que tiene su origen en el T\u00edbet alrededor del siglo VI a.C.\",\"breadcrumb\":{\"@id\":\"https:\/\/www.parashihtzu.top\/index.php\/origen-de-la-raza-shih-tzu\/#breadcrumb\"},\"inLanguage\":\"es\",\"potentialAction\":[{\"@type\":\"ReadAction\",\"target\":[\"https:\/\/www.parashihtzu.top\/index.php\/origen-de-la-raza-shih-tzu\/\"]}]},{\"@type\":\"BreadcrumbList\",\"@id\":\"https:\/\/www.parashihtzu.top\/index.php\/origen-de-la-raza-shih-tzu\/#breadcrumb\",\"itemListElement\":[{\"@type\":\"ListItem\",\"position\":1,\"name\":\"Portada\",\"item\":\"https:\/\/www.parashihtzu.top\/\"},{\"@type\":\"ListItem\",\"position\":2,\"name\":\"ORIGEN DE LA RAZA SHIH TZU\"}]},{\"@type\":\"WebSite\",\"@id\":\"https:\/\/www.parashihtzu.top\/#website\",\"url\":\"https:\/\/www.parashihtzu.top\/\",\"name\":\"UNIVERSO SHIH-TZU\",\"description\":\"Web sobre la raza SHIHTZU con productos e informaci&oacute;n\",\"publisher\":{\"@id\":\"https:\/\/www.parashihtzu.top\/#organization\"},\"potentialAction\":[{\"@type\":\"SearchAction\",\"target\":{\"@type\":\"EntryPoint\",\"urlTemplate\":\"https:\/\/www.parashihtzu.top\/?s={search_term_string}\"},\"query-input\":\"required name=search_term_string\"}],\"inLanguage\":\"es\"},{\"@type\":\"Organization\",\"@id\":\"https:\/\/www.parashihtzu.top\/#organization\",\"name\":\"UNIVERSO SHIH-TZU\",\"url\":\"https:\/\/www.parashihtzu.top\/\",\"logo\":{\"@type\":\"ImageObject\",\"inLanguage\":\"es\",\"@id\":\"https:\/\/www.parashihtzu.top\/#\/schema\/logo\/image\/\",\"url\":\"https:\/\/www.parashihtzu.top\/wp-content\/uploads\/2022\/09\/cropped-Copia_de_Logo_Logotipo_de_flores_Acuarela_Floral_Pastel_rosa-removebg-preview.png\",\"contentUrl\":\"https:\/\/www.parashihtzu.top\/wp-content\/uploads\/2022\/09\/cropped-Copia_de_Logo_Logotipo_de_flores_Acuarela_Floral_Pastel_rosa-removebg-preview.png\",\"width\":500,\"height\":257,\"caption\":\"UNIVERSO SHIH-TZU\"},\"image\":{\"@id\":\"https:\/\/www.parashihtzu.top\/#\/schema\/logo\/image\/\"}}]}<\/script>\n<!-- \/ Yoast SEO plugin. -->","yoast_head_json":{"title":"ORIGEN DE LA RAZA SHIH TZU - UNIVERSO SHIH-TZU","description":"El Shih Tzu, tambi\u00e9n llamado perro le\u00f3n, perro melenudo, Xi Shi, lion dog, Lhassa, Tibetano Poodle o perro crisantemo es una raza de perro peque\u00f1o que tiene su origen en el T\u00edbet alrededor del siglo VI a.C.","robots":{"index":"index","follow":"follow","max-snippet":"max-snippet:-1","max-image-preview":"max-image-preview:large","max-video-preview":"max-video-preview:-1"},"canonical":"https:\/\/www.parashihtzu.top\/index.php\/origen-de-la-raza-shih-tzu\/","og_locale":"es_ES","og_type":"article","og_title":"ORIGEN DE LA RAZA SHIH TZU - UNIVERSO SHIH-TZU","og_description":"El Shih Tzu, tambi\u00e9n llamado perro le\u00f3n, perro melenudo, Xi Shi, lion dog, Lhassa, Tibetano Poodle o perro crisantemo es una raza de perro peque\u00f1o que tiene su origen en el T\u00edbet alrededor del siglo VI a.C.","og_url":"https:\/\/www.parashihtzu.top\/index.php\/origen-de-la-raza-shih-tzu\/","og_site_name":"UNIVERSO SHIH-TZU","article_modified_time":"2020-05-24T18:59:27+00:00","og_image":[{"width":630,"height":630,"url":"https:\/\/www.parashihtzu.top\/wp-content\/uploads\/2019\/09\/2791113_0.jpg","type":"image\/jpeg"}],"twitter_card":"summary_large_image","twitter_misc":{"Tiempo de lectura":"2 minutos"},"schema":{"@context":"https:\/\/schema.org","@graph":[{"@type":"WebPage","@id":"https:\/\/www.parashihtzu.top\/index.php\/origen-de-la-raza-shih-tzu\/","url":"https:\/\/www.parashihtzu.top\/index.php\/origen-de-la-raza-shih-tzu\/","name":"ORIGEN DE LA RAZA SHIH TZU - UNIVERSO SHIH-TZU","isPartOf":{"@id":"https:\/\/www.parashihtzu.top\/#website"},"datePublished":"2019-09-15T19:31:39+00:00","dateModified":"2020-05-24T18:59:27+00:00","description":"El Shih Tzu, tambi\u00e9n llamado perro le\u00f3n, perro melenudo, Xi Shi, lion dog, Lhassa, Tibetano Poodle o perro crisantemo es una raza de perro peque\u00f1o que tiene su origen en el T\u00edbet alrededor del siglo VI a.C.","breadcrumb":{"@id":"https:\/\/www.parashihtzu.top\/index.php\/origen-de-la-raza-shih-tzu\/#breadcrumb"},"inLanguage":"es","potentialAction":[{"@type":"ReadAction","target":["https:\/\/www.parashihtzu.top\/index.php\/origen-de-la-raza-shih-tzu\/"]}]},{"@type":"BreadcrumbList","@id":"https:\/\/www.parashihtzu.top\/index.php\/origen-de-la-raza-shih-tzu\/#breadcrumb","itemListElement":[{"@type":"ListItem","position":1,"name":"Portada","item":"https:\/\/www.parashihtzu.top\/"},{"@type":"ListItem","position":2,"name":"ORIGEN DE LA RAZA SHIH TZU"}]},{"@type":"WebSite","@id":"https:\/\/www.parashihtzu.top\/#website","url":"https:\/\/www.parashihtzu.top\/","name":"UNIVERSO SHIH-TZU","description":"Web sobre la raza SHIHTZU con productos e informaci&oacute;n","publisher":{"@id":"https:\/\/www.parashihtzu.top\/#organization"},"potentialAction":[{"@type":"SearchAction","target":{"@type":"EntryPoint","urlTemplate":"https:\/\/www.parashihtzu.top\/?s={search_term_string}"},"query-input":"required name=search_term_string"}],"inLanguage":"es"},{"@type":"Organization","@id":"https:\/\/www.parashihtzu.top\/#organization","name":"UNIVERSO SHIH-TZU","url":"https:\/\/www.parashihtzu.top\/","logo":{"@type":"ImageObject","inLanguage":"es","@id":"https:\/\/www.parashihtzu.top\/#\/schema\/logo\/image\/","url":"https:\/\/www.parashihtzu.top\/wp-content\/uploads\/2022\/09\/cropped-Copia_de_Logo_Logotipo_de_flores_Acuarela_Floral_Pastel_rosa-removebg-preview.png","contentUrl":"https:\/\/www.parashihtzu.top\/wp-content\/uploads\/2022\/09\/cropped-Copia_de_Logo_Logotipo_de_flores_Acuarela_Floral_Pastel_rosa-removebg-preview.png","width":500,"height":257,"caption":"UNIVERSO SHIH-TZU"},"image":{"@id":"https:\/\/www.parashihtzu.top\/#\/schema\/logo\/image\/"}}]}},"_links":{"self":[{"href":"https:\/\/www.parashihtzu.top\/index.php\/wp-json\/wp\/v2\/pages\/122"}],"collection":[{"href":"https:\/\/www.parashihtzu.top\/index.php\/wp-json\/wp\/v2\/pages"}],"about":[{"href":"https:\/\/www.parashihtzu.top\/index.php\/wp-json\/wp\/v2\/types\/page"}],"author":[{"embeddable":true,"href":"https:\/\/www.parashihtzu.top\/index.php\/wp-json\/wp\/v2\/users\/1"}],"replies":[{"embeddable":true,"href":"https:\/\/www.parashihtzu.top\/index.php\/wp-json\/wp\/v2\/comments?post=122"}],"version-history":[{"count":12,"href":"https:\/\/www.parashihtzu.top\/index.php\/wp-json\/wp\/v2\/pages\/122\/revisions"}],"predecessor-version":[{"id":572,"href":"https:\/\/www.parashihtzu.top\/index.php\/wp-json\/wp\/v2\/pages\/122\/revisions\/572"}],"wp:featuredmedia":[{"embeddable":true,"href":"https:\/\/www.parashihtzu.top\/index.php\/wp-json\/wp\/v2\/media\/198"}],"wp:attachment":[{"href":"https:\/\/www.parashihtzu.top\/index.php\/wp-json\/wp\/v2\/media?parent=122"}],"curies":[{"name":"wp","href":"https:\/\/api.w.org\/{rel}","templated":true}]}}